when 216 is divided by q(h)?
46
Let t(r) = 9*r**2 + 13*r - 296. What is the remainder when t(7) is divided by 24?
20
What is the remainder when 3638 is divided by ((168/10)/(-7 - -9))/((-6)/(-40))?
54
Let l = 1499 - 653. Suppose 0 = 8*f + 9 - 145. Calculate the remainder when l is divided by f.
13
Suppose -q + 52 = 3*x, -x - q = -11 - 3. Let f = x - 17. Suppose 0 = -f*r + 40 - 2. What is the remainder when 47 is divided by r?
9
Let f(y) = -77*y**2 + 2714*y - 17. Calculate the remainder when f(21) is divided by 77.
74
Suppose -4*g = -2*y + 2, 2*g = 3*g. What is the remainder when ((-155)/(-1) - (y - 4)) + 1 is divided by 33?
27
Let l be (-3)/((-4 - 2)/(-30)). Calculate the remainder when 219/(l/(3 - 8)) is divided by 42.
31
Let c(g) = -g**2 - 11*g - 7. Suppose 0 = 87*n + 1905 - 5820. Calculate the remainder when n is divided by c(-8).
11
Let q(m) = m**2 + 141*m - 3855. Calculate the remainder when q(-165) is divided by (-1576)/(-36) - 4/(-18).
17
Suppose -112 = 215*w - 219*w. What is the remainder when (-164)/((0 + -4)/4) is divided by w?
24
Let h = 210 + -107. Let k = h - 37. Calculate the remainder when k is divided by 12.
6
Let n(j) = -5*j**3 - 32*j + 5. Calculate the remainder when n(-7) is divided by 139.
137
Suppose 660 = 20*j - 440. Calculate the remainder when 184 is divided by j.
19
Calculate the remainder when ((-2)/(-6))/(217/757113) is divided by 84.
71
Suppose 3*p - 39 + 24 = 0. Suppose 0 = -f - 1, p*f - 4*f + 205 = 4*c. What is the remainder when c is divided by 16?
3
Let x(q) = 2*q - 12. Let o be x(9). Suppose -2*h = -5*w - 69, 2*h + 213 = o*h + 5*w. What is the remainder when h is divided by 48/40*(-350)/(-42)?
7
Let k(g) = 5*g**2 - 2*g - 9. Let o be k(-10). Suppose o = 3*d - 10*d. Let h = 96 + d. What is the remainder when h is divided by 8?
7
Let o(p) = -6*p - 21. Let q be o(-4). Suppose k + 135 = 5*j - 2*k, q*j - 3*k - 81 = 0. What is the remainder when 107 is divided by j?
26
Let h(v) = 28*v**2 + 5*v - 6. Let p = -338 - -339. What is the remainder when 53 is divided by h(p)?
26
Suppose -3*j + 2*q + 38 = 0, -3*j - 5*q - 41 = -6*j. Calculate the remainder when 1731/75 - (-13 + (-2289)/(-175)) is divided by j.
11
Suppose -795*h + 783*h = -8916. Calculate the remainder when h is divided by 12.
11
Let h(s) = 7*s - 1. Let g be (-15 - -14)/((-3)/12). Suppose -r - 135 = 5*l - 459, 4*l + g*r - 272 = 0. What is the remainder when l is divided by h(2)?
12
Suppose -2*p + 1 = 4*b - 29, 5*b + 12 = 2*p. Suppose 0 = 11*c - 8*c - 105. Calculate the remainder when c is divided by p/1 + (4 - 4) + 2.
9
Let v(c) = -3*c. Let h be v(-4). Let k(p) = 28 - p**3 + 13*p - 6*p**2 - 24 + 17*p**2. Calculate the remainder when 40 is divided by k(h).
8
Suppose 196 = 2*w + 2*q, -13*w + q = -12*w - 106. What is the remainder when 499 is divided by w?
91
Let y = -2218 + 2290. Let n(t) = -32*t - 10. What is the remainder when n(-9) is divided by y?
62
Suppose -4*o = 0, 0 = 10*n - 8*n + 5*o - 30. Calculate the remainder when 167 is divided by (n/(-20))/((-18)/1272).
8
Let h(g) = 16*g - 2*g - 3*g - g + 27*g + 331. Calculate the remainder when 279 is divided by h(-8).
34
Suppose -2*d + d + 9 = 0. Let t = 384 + -544. Calculate the remainder when (62/5)/((-16)/t) is divided by d.
7
Suppose -4*t + 3*v = -220, 25*v - 28*v - 64 = -t. Calculate the remainder when 159 is divided by t.
3
Suppose c - 30 = b + 12, 4*c - b = 156. Suppose 1020 = 2*a - c. What is the remainder when a is divided by 14?
11
Calculate the remainder when (-22 - 1615/(-57))*141 is divided by 106.
45
Let u(y) = -y - 5. Let k be u(-8). Suppose -k*g = 4*i - 289, 2*g = 2*i - 5*i + 216. Let f = 57 + -33. Calculate the remainder when i is divided by f.
22
Let m(q) = -7*q**2 + 11*q - 15. Let b be m(16). Let n = b - -2552. Calculate the remainder when n is divided by 77.
74
Let b be (6/(-21))/(3/(-21)). Suppose 0 = b*x - 59 + 17. Let q(v) = -2*v**2 + 26*v + 16. Calculate the remainder when q(11) is divided by x.
18
Let o(f) = -41*f - 157. Suppose m + 4*j - 8 = 8*j, 0 = 4*m - j + 13. Let t = 10 + -5. What is the remainder when o(m) is divided by t?
2
Let t(g) = -502*g + 3034. Calculate the remainder when 1727 is divided by t(6).
11
Let j(f) = f + 26. Suppose 0 = -4*q + 12, -2*s + 11*q - 16 = 7*q. Calculate the remainder when 41 is divided by j(s).
17
Let p = -23 - -33. Suppose -p*j + 3*j + 329 = 0. Suppose -j*x + 20 = -45*x. What is the remainder when 27 is divided by x?
7
Let h = -8837 - -8874. Calculate the remainder when 318 is divided by h.
22
Suppose q - 4 = 0, d + 9 - 44 = 4*q. Calculate the remainder when d is divided by 13.
12
Suppose -3*v - 394 = -2*g + 31, -3*v = -6*g + 1281. What is the remainder when g is divided by 109?
105
Let v(l) = -8*l**3 - 2 + 5 + 3*l + 3 - 4. What is the remainder when (216/15 - 14)/((-1)/(-60)) is divided by v(-1)?
3
Suppose -1 = 5*u + 5*d + 4, -2*d - 2 = -3*u. Let w = -669995 - -670009. What is the remainder when 92*1 + 1 + u is divided by w?
9
What is the remainder when 251 is divided by 1 + 10 + (-1395)/(-155)?
11
Let p be 1*(-2)/2 - 33. Let w = 6 - p. Suppose 0 = -u + 3*c - 10, 4*u - 530*c = -526*c + 16. Calculate the remainder when w is divided by u.
7
Suppose 2*p - 730 = 2*c, 32*p - 29*p + 5*c = 1055. Calculate the remainder when p is divided by 111.
27
Let j(v) = -2*v - 25. Let y be j(14). Let q = 159 - y. Let o = q + -111. What is the remainder when o is divided by 35?
31
Suppose -n - 4*u - 40 = -109, 2*n = -4*u + 178. Let c(l) = 3*l**2 - 5*l. Calculate the remainder when n is divided by c(4).
25
Suppose -2*u - 94 = -4*z, -12*u = -4*z - 14*u + 106. What is the remainder when 250 is divided by z?
0
Let v = 45 - 13. Let p(a) = 1143*a + 82385. What is the remainder when p(-72) is divided by v?
25
Let s = 5 + 0. Suppose -3*v = s*v - 48. What is the remainder when 18 is divided by 165/25 - v/(-15)?
4
Suppose 18 = 8*f - 9*f. Let x = f - -68. Suppose 2*i = 513 - 15. Calculate the remainder when i is divided by x.
49
Let w be (-3339)/(-378) - (-5)/(-6). Suppose 18 = w*x - 30. Calculate the remainder when 67 is divided by x.
1
Suppose 0*w = 3*w + 4*a - 13, 0 = 4*w - a - 11. Let v = 22 + w. Calculate the remainder when 145 is divided by v.
20
Let p = 1600 + -1592. What is the remainder when 2773 is divided by p?
5
Suppose 0 = -2*y + 5 + 6 + 15. Calculate the remainder when 467 is divided by y.
12
Suppose -5*j = -2*j - 8*j + 115. Suppose -56 - 33 = -z. What is the remainder when z is divided by j?
20
Let x = 125 + -110. Calculate the remainder when 29248 is divided by x.
13
Let n(a) = 5*a**3 + a**2 - 1. Let q = 18453 + -18437. Calculate the remainder when n(3) is divided by q.
15
Suppose -4*u = -9*u - 3*s + 66, -4*u = 2*s - 54. Suppose 5*a = -3*q + 870, -12*q + 8*q - 374 = -2*a. What is the remainder when a is divided by u?
12
Suppose -4*h - 3*d = -435, h + 5*d = -h + 235. Calculate the remainder when 425 is divided by h.
5
Let b be -5 - -3 - (1 + 13). Let j be (-21)/24 - (-2)/b. Calculate the remainder when 24 is divided by 9 + (-6 - -4)/(j + -1).
4
Let d = 216 + -122. Suppose -23 = 2*t - 31. Suppose m - 16 = -t. Calculate the remainder when d is divided by m.
10
Suppose s + 26*v - 25*v - 15 = 0, 8*s - 141 = -v. What is the remainder when 3060 is divided by s?
0
Let h(m) = m**3 - 3*m + 14. What is the remainder when (9 + 6)*-3*(-21)/5 is divided by h(0)?
7
Suppose -9*t = -37*t + 161 + 651. Calculate the remainder when 746 is divided by t.
21
Suppose 6*l + 214 = 1492. What is the remainder when 432 is divided by l?
6
Let d = -45 + 48. Let a be (-3 + 4)/((-3)/(-12)). Suppose 10 = 4*n - d*y, 0*n + a*y = n + 4. What is the remainder when 15 is divided by n?
3
Let r(w) = w**2 + 1. Let o(p) = p**2 + 4*p - 148. Let v(n) = -o(n) + 3*r(n). Calculate the remainder when v(0) is divided by 38.
37
Suppose -2*o + 1 - 3 = 0. Let u be (o - -1*6)/((-4)/12). Calculate the remainder when 101 is divided by u/((-20)/(-4)) - -24.
17
Suppose -4*b = z - 1257, 2334*z = 3*b + 2333*z - 934. Calculate the remainder when b is divided by 164.
149
Suppose 6*f = 85 - 205. Calculate the remainder when f/(-110) + 1800/22 is divided by 36.
10
Suppose -2*j + 187 = 43. Suppose 3 + j = 5*u. Calculate the remainder when u is divided by 21/(-2)*((-603)/63 - -9).
3
Let y(d) = -4*d**3 - d**2 + 15*d + 12. Calcu